Peotone Weather

NOAA-Style Climate Reports


Report for 2017 July
                  MONTHLY CLIMATOLOGICAL SUMMARY FOR 7/2017
                                        HEAT  COOL        
     MEAN                               DEG   DEG       WIND SPEED       DOM MEAN  MEAN
DAY  TEMP  HIGH   TIME     LOW   TIME   DAYS  DAYS RAIN AVG  HI  TIME    DIR BAROM HUM
---------------------------------------------------------------------------------------
1    74.7  83.8   2:05pm  66.2   6:22am    0   10  0.00   6  26   2:55pm   W 29.90   70
2    73.2  90.1   4:07pm  59.6   5:32am    1    9  0.36   5  32   6:38pm WSW 30.01   71
3    74.6  87.7   3:27pm  65.6   4:59am    0   10  0.00   3  18   4:56pm  NE 30.00   80
4    74.6  86.8   2:56pm  64.3   4:28am    0   10  0.05   2  20   3:26pm  NE 30.03   81
5    75.4  86.4   4:16pm  65.4   5:09am    0   10  0.00   2  14   8:52am   E 30.06   75
6    80.0  93.0   3:02pm  66.4   4:36am    0   15  0.00   3  15   6:54pm WSW 29.94   71
7    76.9  87.1  11:52am  65.7  11:57pm    0   12  0.00   5  22   8:36am  SW 29.84   78
8    69.5  80.7   1:55pm  59.8   5:41am    1    6  0.00   2  14  12:45pm ENE 29.99   70
9    73.2  86.4   4:52pm  55.8   6:00am    2   10  0.09   4  18   4:30pm   S 29.99   66
10   74.7  84.3   1:44pm  67.0   8:21am    0   10  0.64   3  21   7:19am SSE 29.81   88
11   76.0  80.9   1:30pm  71.0   5:51am    0   11  0.01   3  18   3:53pm  SW 29.85   88
12   75.6  83.8  10:00am  71.1  11:51am    0   11  1.13   4  36  11:09pm SSE 29.89   88
13   76.4  84.9   1:05pm  69.7  11:58pm    0   11  0.00   6  25   5:00pm WNW 29.96   81
14   70.0  77.3   4:50pm  64.3   5:30am    0    5  0.00   5  20  10:23am WNW 30.07   79
15   69.7  80.7   2:27pm  57.9   5:16am    1    6  0.00   2  14   2:35pm   W 30.09   79
16   70.0  79.8  11:00am  61.4  11:57pm    0    5  0.00   3  25   5:03am  NE 29.99   83
17   69.4  83.2   3:11pm  56.8   5:31am    2    6  0.00   2  14   1:07pm  NE 30.01   74
18   74.0  88.4   3:49pm  58.3   6:02am    1   10  0.00   2  12   5:22pm   S 30.04   70
19   78.2  92.8   3:37pm  68.2  11:02pm    0   13  1.65   3  46  10:00pm  SW 30.04   82
20   76.1  88.2   2:02pm  67.9   2:55am    0   11  0.35   4  22  12:58pm SSE 29.96   88
21   72.4  75.5   2:01am  70.8   6:16am    0    3  0.30   2  28   2:06am ENE 29.95   95
---------------------------------------------------------------------------------------
TOT  74.1  93.0   7/6/17  55.8   7/9/17    9  193  4.58   3  41  7/19/17  NE 29.97   78

HEAT BASE: 65.0
COOL BASE: 65.0