Peotone Weather

NOAA-Style Climate Reports


Report for 2019 April
                  MONTHLY CLIMATOLOGICAL SUMMARY FOR 4/2019
                                        HEAT  COOL        
     MEAN                               DEG   DEG       WIND SPEED       DOM MEAN  MEAN
DAY  TEMP  HIGH   TIME     LOW   TIME   DAYS  DAYS RAIN AVG  HI  TIME    DIR BAROM HUM
---------------------------------------------------------------------------------------
1    36.4  48.8   3:56pm  22.6   6:14am   29    0  0.00   8  29   4:14pm ESE 30.30   63
2    43.8  57.0  12:14pm  34.2   6:52am   21    0  0.00   8  32   5:00pm WSW 30.06   63
3    46.6  58.7   2:47pm  33.8   6:41am   18    0  0.00   5  23   2:52pm   W 30.26   55
4    44.3  48.6   4:29pm  39.3  11:51pm   21    0  0.26   6  28  12:47pm ENE 30.29   82
5    46.3  54.4   3:40pm  38.9   2:29am   19    0  0.00   3  18  12:11am ESE 30.11   82
6    54.3  70.5   3:25pm  38.2   6:33am   11    1  0.00   3  21   3:23pm ESE 30.12   73
7    58.0  70.2   1:24pm  46.8   2:27am    8    1  0.09   5  28   5:36pm ESE 29.88   75
8    61.9  74.3   2:30pm  50.7   6:56am    5    2  0.00   4  18  11:51pm  SW 29.84   61
9    57.3  69.2   1:56pm  42.5  11:51pm    8    1  0.00   7  29   2:45pm WNW 29.86   47
10   39.9  43.1   6:21pm  35.6   6:06am   25    0  0.14   7  36  11:33pm  NE 29.96   75
11   54.3  72.5   5:09pm  39.4   3:50am   12    1  0.12  10  33   2:12am ENE 29.68   63
12   47.9  57.3  12:00am  38.4  11:57pm   17    0  0.19  13  46   9:29am  SW 29.77   58
13   43.4  55.6   4:21pm  33.0   5:08am   22    0  0.00   7  25  10:00am   W 30.09   53
14   34.5  42.1  12:02am  31.9   8:28pm   30    0  0.63  10  36   2:19pm NNE 29.75   81
15   41.9  54.9   3:08pm  29.5   6:30am   23    0  0.41   7  21   7:49pm   W 30.03   68
16   58.5  75.9   2:56pm  44.0  12:20am    9    3  0.00   7  23   3:18am SSE 29.94   64
17   62.5  78.5   2:21pm  45.9   1:59am    6    4  0.00   8  34  10:19pm SSE 29.79   64
18   52.4  63.7  12:00am  42.8   9:45pm   13    0  1.02   9  28  12:36am WNW 29.64   84
19   44.2  52.4   2:51pm  40.2   6:09am   21    0  0.00  11  39   3:18pm   N 29.80   68
20   43.2  57.0  10:59am  38.3   5:59am   10    0  0.00   8  32  10:48am   N 29.82   58
---------------------------------------------------------------------------------------
TOT  48.7  78.5  4/17/19  22.6   4/1/19  328   12  2.86   7  46  4/12/19  SW 29.95   67

HEAT BASE: 65.0
COOL BASE: 65.0