Peotone Weather

NOAA-Style Climate Reports


Report for 2017 June
                  MONTHLY CLIMATOLOGICAL SUMMARY FOR 6/2017
                                        HEAT  COOL        
     MEAN                               DEG   DEG       WIND SPEED       DOM MEAN  MEAN
DAY  TEMP  HIGH   TIME     LOW   TIME   DAYS  DAYS RAIN AVG  HI  TIME    DIR BAROM HUM
---------------------------------------------------------------------------------------
1    67.5  82.2   4:29pm  51.5   4:21am    3    6  0.00   4  23   2:50pm  NW 30.04   50
2    71.0  86.5   5:06pm  52.0   5:31am    3    9  0.00   2  15  11:55am WNW 30.04   47
3    75.9  90.6   3:36pm  57.0   4:25am    2   12  0.00   2  18   7:57pm ESE 29.97   51
4    78.4  91.0   3:03pm  66.3   3:50am    0   13  0.26   6  36   1:33am   W 29.79   63
5    69.0  83.3  11:00am  56.4  11:48pm    1    5  0.00   4  25  12:55pm  NE 29.79   73
6    64.5  77.0   2:04pm  52.3   2:46am    4    4  0.00   5  29   2:31pm NNE 30.00   61
7    65.7  77.5   2:26pm  53.6   5:26am    3    4  0.00   5  30   1:31pm  NE 30.07   60
8    68.9  83.6   4:04pm  51.1   5:06am    3    7  0.00   2  15   4:16pm   W 29.95   54
9    75.4  89.6   3:33pm  64.3   4:57am    0   10  0.00   6  34   5:29pm WSW 29.78   55
10   77.9  90.7   2:55pm  63.1   4:38am    0   13  0.00   9  34   3:35pm   S 29.83   51
11   81.2  93.6   4:14pm  68.1   5:17am    0   16  0.00  10  29   2:20pm   S 29.90   53
12   83.2  95.9   4:00pm  70.4   5:51am    0   18  0.00   6  23  12:04pm   S 29.91   57
13   79.3  95.5   1:56pm  68.8   4:54am    0   14  0.02   4  24   6:36pm SSE 29.90   72
14   74.3  91.9   1:24pm  67.4   5:35am    0    9  0.07   5  28   5:24pm SSE 29.87   81
15   77.3  92.4   4:45pm  65.2   5:11am    0   12  0.03   4  21   1:26am   S 29.81   71
16   75.0  87.3   3:47pm  65.0   2:36am    0   10  0.33   5  24  12:45am SSE 29.78   77
17   79.1  89.0   2:52pm  70.1  11:48pm    0   14  0.08   6  24  10:54am SSE 29.62   74
18   72.8  80.0   2:31pm  66.4   4:19am    0    8  0.34   9  30  11:17am   W 29.64   73
19   69.7  80.9   4:07pm  61.2  11:59pm    1    5  0.04   8  39   3:43pm WSW 29.82   69
20   67.5  87.2   3:32pm  56.0   5:31am    2    5  0.18   5  33   2:48pm  SW 29.92   75
21   70.4  82.8   3:18pm  56.6   5:46am    2    7  0.01   2  15  11:06am ENE 29.92   73
22   78.6  87.8   2:03pm  70.9  12:16am    0   14  0.01   8  31   1:55pm   S 29.79   77
23   74.1  83.2   3:53pm  65.5  11:59pm    0    9  0.69   7  40   5:48am WNW 29.68   74
24   61.1  65.6  12:00am  58.9   5:30am    1    0  0.00   5  12  12:00am   W 29.87   86
---------------------------------------------------------------------------------------
TOT  73.6  95.9  6/12/17  51.1   6/8/17   27  227  2.06   5  36   6/4/17   S 29.86   65

HEAT BASE: 65.0
COOL BASE: 65.0