Peotone Weather

NOAA-Style Climate Reports


Report for 2019 August
                  MONTHLY CLIMATOLOGICAL SUMMARY FOR 8/2019
                                        HEAT  COOL        
     MEAN                               DEG   DEG       WIND SPEED       DOM MEAN  MEAN
DAY  TEMP  HIGH   TIME     LOW   TIME   DAYS  DAYS RAIN AVG  HI  TIME    DIR BAROM HUM
---------------------------------------------------------------------------------------
1    69.6  83.3   2:23pm  56.6   2:50am    2    7  0.00   2  15  10:49am  NE 30.16   65
2    71.9  86.3   3:53pm  59.4   5:52am    1    8  0.00   2  14   4:01pm  NE 30.12   61
3    72.7  86.6   4:05pm  59.0   6:04am    1    9  0.00   1  13   2:44pm  NE 30.06   64
4    75.7  89.7   2:59pm  65.1   3:23am    0   11  0.00   2  17   1:00pm  NE 30.01   66
5    77.7  90.2   2:26pm  64.4   5:33am    0   13  0.00   3  21   4:06pm SSW 29.93   64
6    74.4  84.9   4:44pm  66.2  11:49pm    0    9  0.01   5  17   7:09am WNW 29.80   71
7    75.4  87.7   3:46pm  62.8   6:05am    0   11  0.00   3  18   3:34pm   W 29.82   66
8    75.8  87.2   2:30pm  64.0  11:57pm    0   11  0.00   6  29   2:37pm WNW 29.82   64
9    70.5  84.2   3:14pm  57.2   5:42am    2    7  0.00   3  17   3:06pm WNW 29.94   59
10   71.7  85.5   3:52pm  59.1   5:36am    1    8  0.00   1  14  11:46am ESE 29.99   60
11   71.7  81.5   1:21pm  61.6   4:24am    1    7  0.00   3  18   2:06pm SSE 29.98   71
12   73.7  81.9   2:29pm  67.6   4:58am    0    9  0.84   1  13   9:01pm  NE 29.86   85
13   75.2  86.2   4:16pm  68.1  11:12pm    0   10  0.03   2  24   8:00pm NNW 29.82   79
14   72.9  83.4   3:48pm  64.1   6:10am    0    8  0.00   4  20   3:06pm   W 29.91   75
15   69.8  82.4   2:40pm  61.4   6:06am    1    6  0.00   3  17  10:51am WNW 29.97   73
16   72.0  86.6   3:44pm  59.9   4:35am    1    8  0.00   4  21   1:27pm SSE 29.91   74
17   70.8  79.1   5:01pm  63.7   3:08am    0    6  1.24   2  46   2:31am SSE 29.89   85
18   73.5  85.8   2:55pm  66.6   1:03am    0    8  0.86   3  29   9:33am   W 29.85   81
19   76.8  88.9   4:01pm  65.5   6:19am    0   12  0.00   1  13   1:17pm SSE 29.97   76
20   71.6  76.9   9:21am  66.0  11:58pm    0    7  0.69   2  39  11:45am  SE 29.96   86
21   72.5  83.3  12:37pm  62.0   6:37am    0    8  0.00   3  21   1:00pm   W 29.95   80
22   71.3  79.9  12:53pm  67.1   6:32am    0    3  0.00   1  10   7:47am NNW 29.96   79
---------------------------------------------------------------------------------------
TOT  73.1  90.2   8/5/19  56.6   8/1/19   10  184  3.67   3  43  8/17/19 WNW 29.94   72

HEAT BASE: 65.0
COOL BASE: 65.0