Peotone Weather

NOAA-Style Climate Reports


Report for 2019 February
                  MONTHLY CLIMATOLOGICAL SUMMARY FOR 2/2019
                                        HEAT  COOL        
     MEAN                               DEG   DEG       WIND SPEED       DOM MEAN  MEAN
DAY  TEMP  HIGH   TIME     LOW   TIME   DAYS  DAYS RAIN AVG  HI  TIME    DIR BAROM HUM
---------------------------------------------------------------------------------------
1     8.5  15.1   4:08pm   0.9  12:00am   56    0  0.05   3  13  10:15am ESE 30.38   75
2    28.0  38.9  12:16pm   8.2   1:13am   37    0  0.00   7  18   6:21pm SSE 30.14   83
3    40.9  45.2   3:03pm  36.0  12:00am   24    0  0.00   6  20   1:32am SSE 29.90   86
4    41.1  49.0  11:44am  30.4  11:57pm   24    0  0.07   9  22   9:23am SSE 29.81   86
5    30.5  36.2   2:40pm  25.7   4:35am   34    0  0.35   6  31   9:21pm ENE 30.09   79
6    34.5  37.9   1:23pm  32.7  12:00am   30    0  0.09   3  16   7:36pm  NE 29.95   86
7    32.1  46.1   1:32pm  11.5  11:59pm   33    0  0.33  11  45   6:18pm   W 29.83   84
8     9.8  14.7   2:46pm   6.2   7:46am   55    0  0.00  15  39  12:30am   W 30.56   67
9    14.9  25.4   1:54pm   4.1   6:55am   50    0  0.00   3  20  12:05am ENE 30.86   70
10   25.2  28.1  11:56am  21.0  12:00am   40    0  0.08   4  20   9:20am   E 30.39   77
11   29.6  31.9   1:26pm  27.0   5:11am   35    0  0.27   4  21   4:56pm ENE 30.11   84
12   29.4  32.7  10:20am  19.6  11:57pm   35    0  0.42   9  43   8:17pm   W 29.68   84
13   20.1  28.0  11:58pm  11.6   7:08am   44    0  0.00  11  39  12:08am   W 30.00   76
14   38.0  45.9   4:07pm  28.0  12:00am   27    0  0.00   8  32  11:31pm SSE 29.67   75
15   17.7  29.8  12:00am  11.2   7:19am   47    0  0.00  12  36  12:44am WNW 29.96   73
16   23.5  30.8  12:57pm  15.7  12:00am   41    0  0.00   5  26  11:44pm NNW 30.12   70
17   25.8  28.4   2:46pm  23.2   6:31am   39    0  0.01   4  21   2:51am ENE 29.92   78
18   26.4  32.5  12:31pm  19.0  11:57pm   38    0  0.07   3  14  10:08am  NW 30.35   77
19   25.4  34.9   1:44pm  15.2   3:13am   39    0  0.00   3  16   9:50pm ENE 30.58   71
20   32.0  36.6   3:26pm  27.8   4:54am   31    0  0.10  10  31  10:50pm ENE 29.94   82
21   30.4  35.4  12:28pm  25.5  11:54pm   35    0  0.00   7  25   1:47am   W 30.23   69
22   31.2  41.8   2:25pm  21.8   6:47am   34    0  0.00   4  16   5:56pm ENE 30.41   71
23   33.4  33.8   4:37am  33.2  12:00am    6    0  0.00   7  18   4:13am   E 30.18   75
---------------------------------------------------------------------------------------
TOT  27.1  49.0   2/4/19   0.9   2/1/19  836    0  1.84   7  45   2/7/19 ENE 30.13   77

HEAT BASE: 65.0
COOL BASE: 65.0