Peotone Weather

NOAA-Style Climate Reports


Report for 2017 March
                  MONTHLY CLIMATOLOGICAL SUMMARY FOR 3/2017
                                        HEAT  COOL        
     MEAN                               DEG   DEG       WIND SPEED       DOM MEAN  MEAN
DAY  TEMP  HIGH   TIME     LOW   TIME   DAYS  DAYS RAIN AVG  HI  TIME    DIR BAROM HUM
---------------------------------------------------------------------------------------
1    43.0  54.8  12:00am  32.9  11:51pm   22    0  0.05  13  44  12:58pm   W 29.68   89
2    31.9  37.1  11:58am  28.1  11:58pm   33    0  0.01   8  25   3:16pm WNW 30.28   79
3    28.3  34.1   3:25pm  21.4   6:20am   37    0  0.00   6  22   9:13am WNW 30.59   61
4    34.3  43.7   1:39pm  28.8   3:31am   31    0  0.02   9  30  10:07am ESE 30.50   82
5    46.5  61.3  12:03pm  31.1   5:17am   18    0  0.00  11  34   7:56pm   S 30.21   75
6    55.4  62.3  11:48pm  50.3   4:16am   10    0  0.01  15  52  11:38pm SSE 29.88   87
7    49.8  62.9  12:54am  38.6  11:24pm   15    0  0.29  13  48  12:40am WSW 29.86   67
8    44.9  54.2   3:49pm  35.3  11:59pm   20    0  0.00  16  52  10:49am WSW 30.07   48
9    36.8  48.6  12:32pm  29.0   4:27am   28    0  0.00   3  18   3:10pm  NE 30.17   69
10   30.3  37.0  12:14pm  25.0  10:27pm   35    0  0.00   9  25   1:23pm NNW 30.39   46
11   25.6  33.8   1:39pm  19.4   5:36am   39    0  0.00   4  15  12:06pm NNW 30.51   45
12   29.2  37.5   3:38pm  18.9   7:18am   34    0  0.00   3  16   9:50pm ESE 30.44   51
13   28.6  32.2   3:30pm  25.9   7:25am   36    0  0.09   5  18   1:05am ENE 30.23   85
14   23.1  31.3   1:52pm  16.1  11:02pm   42    0  0.28   4  24   4:52pm NNW 30.33   80
15   23.7  34.0   2:52pm  13.3   7:14am   41    0  0.00   7  20   2:11pm WNW 30.40   67
16   30.8  43.0   4:28pm  19.9   7:10am   34    0  0.00   4  16  10:28am   W 30.34   65
17   40.0  49.8   5:56pm  33.5   4:34am   25    0  0.16   6  23   9:06pm ESE 30.06   88
18   40.4  44.8  12:13pm  35.9  11:59pm   25    0  0.00   9  28   1:07am WNW 30.18   77
19   41.4  53.1   3:23pm  29.7   7:10am   23    0  0.00   4  22  11:24pm SSE 30.31   76
20   46.8  55.2   1:34pm  37.8  11:58pm   16    0  0.42   5  22   3:12am NNE 30.03   85
21   41.4  56.6  12:31pm  33.0  11:45pm   24    0  0.00   5  28  10:20pm NNW 30.21   74
22   32.5  40.7   3:38pm  27.4   6:44am   32    0  0.00   7  29  12:38am  NE 30.53   68
23   40.3  51.2   3:49pm  27.4  12:00am   25    0  0.00   8  26   3:09pm ESE 30.31   65
24   59.7  81.1   2:26pm  42.2  11:43pm    9    4  0.12  10  38  12:38pm SSE 29.97   69
25   47.7  57.2   1:33pm  40.9   3:13am   17    0  0.52   6  21   1:25am  NE 29.98   95
---------------------------------------------------------------------------------------
TOT  38.1  81.1  3/24/17  13.3  3/15/17  672    4  1.97   8  52   3/8/17 WNW 30.22   72

HEAT BASE: 65.0
COOL BASE: 65.0