Peotone Weather

NOAA-Style Climate Reports


Report for 2019 June
                  MONTHLY CLIMATOLOGICAL SUMMARY FOR 6/2019
                                        HEAT  COOL        
     MEAN                               DEG   DEG       WIND SPEED       DOM MEAN  MEAN
DAY  TEMP  HIGH   TIME     LOW   TIME   DAYS  DAYS RAIN AVG  HI  TIME    DIR BAROM HUM
---------------------------------------------------------------------------------------
1    71.7  85.7   1:23pm  57.7  11:59pm    1    7  0.04   7  29   6:57pm  SW 29.77   67
2    61.4  72.9  12:29pm  50.0   5:41am    5    2  0.00   3  20   1:04pm NNW 29.92   62
3    60.9  75.1   3:57pm  48.9   5:10am    6    2  0.00   3  15   7:14am  NE 30.09   60
4    69.7  83.0   5:01pm  57.7   9:51am    2    7  0.23   5  25   4:20pm SSE 29.93   66
5    73.4  83.9   4:50pm  62.5  11:58pm    0    9  0.58   6  28   1:57am WNW 29.74   74
6    68.3  83.8   1:57pm  58.1   5:14am    2    6  0.00   4  16   6:55pm  NE 29.86   75
7    68.5  82.9   3:04pm  55.7   5:20am    3    6  0.00   6  23   3:39pm  NE 29.93   69
8    69.7  81.1   2:16pm  58.6   5:30am    2    6  0.00   5  21   9:37am  NE 29.94   66
9    69.6  74.7   3:39pm  65.8   6:04am    0    5  0.02   2  13  12:49am ENE 29.92   77
10   67.5  77.5   3:26pm  55.3  11:33pm    1    4  0.00   8  30   8:50am  NW 30.06   59
11   68.8  84.0   4:02pm  53.3   1:28am    3    7  0.00   3  16   9:28am SSE 30.12   45
12   65.0  75.7  10:43am  56.7  10:52pm    2    2  0.34   7  30   2:18pm SSE 29.89   61
13   59.0  69.7   5:00pm  51.8  10:24pm    7    1  0.02  10  34   2:41am  NW 29.89   64
14   66.0  81.2   4:13pm  46.4   5:31am    5    6  0.00   8  43   9:03pm   S 29.98   52
15   65.8  68.6   1:52pm  61.6   1:22am    0    1  0.81   6  26   2:22am   S 29.79   81
16   64.1  74.8   2:27pm  56.1  11:21pm    3    2  0.16   3  16  12:49am  NE 29.81   85
17   62.1  72.1   1:41pm  56.5  12:00am    4    1  0.00   2  13  11:03am  NE 29.97   81
18   66.1  81.3   3:39pm  56.3   3:34am    3    4  0.00   1   8   5:13am  NE 29.93   76
19   67.2  80.4  11:53am  58.2   4:44am    2    3  0.00   2  21   3:08pm  NE 29.77   75
---------------------------------------------------------------------------------------
TOT  66.6  85.7   6/1/19  46.4  6/14/19   50   79  2.20   5  33  6/13/19  NE 29.91   68

HEAT BASE: 65.0
COOL BASE: 65.0