Peotone Weather

NOAA-Style Climate Reports


Report for 2020 January
                  MONTHLY CLIMATOLOGICAL SUMMARY FOR 1/2020
                                        HEAT  COOL        
     MEAN                               DEG   DEG       WIND SPEED       DOM MEAN  MEAN
DAY  TEMP  HIGH   TIME     LOW   TIME   DAYS  DAYS RAIN AVG  HI  TIME    DIR BAROM HUM
---------------------------------------------------------------------------------------
1    31.9  41.1   2:41pm  21.1   7:29am   33    0  0.00   9  31   7:18pm   S 29.79   75
2    40.5  47.7   1:49pm  35.4   7:06am   25    0  0.00   8  30  12:43am   S 29.65   73
3    36.6  39.8   2:41pm  33.5   6:00am   28    0  0.00   3  14   8:00am  NW 29.83   80
4    30.8  33.6  12:00am  26.5  11:56pm   34    0  0.05   7  24   1:10pm WNW 30.04   77
5    32.9  42.4   1:45pm  24.9   2:28am   32    0  0.00  12  45   5:44pm   W 30.05   73
6    31.4  39.3   1:09pm  24.2   7:29am   34    0  0.00   6  20  12:58am  SW 30.17   69
7    31.5  41.4  12:30pm  23.8   4:08am   33    0  0.00   7  28  12:13pm   W 30.06   70
8    22.1  28.9  12:00am  17.1   7:47am   43    0  0.00   8  31   3:41am   E 30.37   61
9    38.8  49.0   3:37pm  20.5  12:00am   26    0  0.00  14  41  10:52am   S 30.12   67
10   45.7  50.7   2:30pm  41.3  11:58pm   19    0  1.50   5  28  12:35am SSE 30.03   85
11   34.3  41.3  12:00am  26.6  11:53pm   31    0  0.92  11  41   8:46am NNE 29.83   85
12   28.2  31.7  11:55pm  24.9   2:22am   37    0  0.00   5  17  12:06am  SE 30.28   82
13   32.7  34.4   2:56pm  31.1   8:15am   32    0  0.00   6  18  12:49am  SE 30.31   80
14   35.3  44.6   2:32pm  28.0  11:41pm   30    0  0.00   5  23  11:55am WSW 30.16   82
15   32.8  36.5  12:39pm  26.8   1:46am   32    0  0.01   7  28  10:40pm WNW 30.14   91
16   21.1  29.0  12:02am  14.9  11:30pm   44    0  0.00  10  32   7:19am WNW 30.66   78
17   22.4  28.8  11:38pm  14.8   1:53am   43    0  0.15   9  32   8:15pm ESE 30.63   83
18   25.5  36.6   9:19am   4.3  11:57pm   39    0  0.64  15  46   2:32pm   W 29.92   88
19    8.1  14.6   2:33pm   1.7   5:34am   57    0  0.00  14  37  12:04am WNW 30.39   81
20   19.4  26.8  12:12pm  12.9  12:00am   46    0  0.01   4  17  12:57am WNW 30.64   84
21   21.6  31.2   2:25pm  12.0   7:28am   43    0  0.00   5  18   2:12pm WNW 30.60   83
22   28.2  35.4   1:32pm  22.6   1:18am   37    0  0.00   9  23   1:45pm SSE 30.28   79
23   31.9  33.7   2:06pm  29.5   3:21am   33    0  0.27   6  21  12:44am SSE 30.09   90
24   35.6  38.9   2:16pm  33.6  12:00am   24    0  0.13   3  13  12:24am   E 29.87   95
---------------------------------------------------------------------------------------
TOT  29.9  50.7  1/10/20   1.7  1/19/20  835    0  3.68   8  46  1/18/20 WNW 30.16   80

HEAT BASE: 65.0
COOL BASE: 65.0