Peotone Weather

NOAA-Style Climate Reports


Report for 2019 October
                  MONTHLY CLIMATOLOGICAL SUMMARY FOR 10/2019
                                        HEAT  COOL        
     MEAN                               DEG   DEG       WIND SPEED       DOM MEAN  MEAN
DAY  TEMP  HIGH   TIME     LOW   TIME   DAYS  DAYS RAIN AVG  HI  TIME    DIR BAROM HUM
---------------------------------------------------------------------------------------
1    77.7  89.1   2:58pm  67.1   4:37am    0   13  0.00   5  22  12:08pm   S 29.92   71
2    68.2  78.5  12:08am  61.7   7:44pm    1    4  0.05   4  20   9:55am   S 29.88   78
3    60.8  68.1   1:11pm  49.4  11:55pm    4    0  0.18   7  26   9:19am WNW 30.05   78
4    52.0  61.9  12:38pm  44.3   6:22am   13    0  0.01   4  17   4:05pm  NE 30.35   74
5    54.7  67.1   2:20pm  45.4   7:01am   10    0  0.28   5  20  10:03am   E 30.10   76
6    59.1  68.3   2:01pm  49.1   7:23am    6    0  0.02   6  23  10:57am   W 30.09   65
7    56.9  71.1   1:30pm  46.5   6:17am    9    1  0.00   4  25   2:43pm   W 30.19   63
8    55.5  72.3   2:27pm  43.5   4:55am   11    1  0.00   1  13   2:38pm SSE 30.20   66
9    57.4  72.3   2:55pm  44.3   5:09am    9    1  0.00   3  18   4:03pm   E 30.14   65
10   60.3  69.1   2:39pm  48.6   6:55am    6    1  0.08   4  21  11:55pm   E 30.03   76
11   52.3  66.2   3:24am  38.3   9:16pm   13    0  0.40   8  26   9:29am   W 29.94   82
12   44.0  54.9   4:51pm  32.1   7:14am   21    0  0.00  10  36   4:55pm   S 30.01   57
13   47.9  59.2   2:36pm  38.7   6:41am   17    0  0.00   8  31   2:52pm WNW 29.89   59
14   44.7  55.0   2:32pm  36.2   7:03am   20    0  0.00   3  16  12:28pm   W 30.08   65
15   50.8  67.6   3:15pm  38.4   4:48am   14    0  0.02   7  32   8:23pm ESE 29.89   73
16   46.6  52.3   4:07pm  40.3  11:58pm   18    0  0.00  10  32  10:11am WNW 29.94   66
17   43.8  57.0   1:40pm  36.0   7:00am   21    0  0.00   3  15  10:27am WNW 30.06   73
18   45.1  60.5   1:49pm  33.3   6:41am   20    0  0.00   2  20   1:59pm ESE 30.05   73
19   52.9  68.6   2:29pm  38.5   5:37am   13    0  0.01   4  25   3:31pm ESE 29.84   66
20   54.2  60.5   2:33pm  50.0   8:21pm   11    0  0.00   3  16   2:29pm  NE 29.88   78
21   57.4  66.8   3:50pm  50.2  12:00am    8    0  0.06  10  49   9:37am   E 29.60   74
22   49.0  50.5  12:00am  47.1   5:39am    8    0  0.00  13  39  11:00am   S 29.59   69
---------------------------------------------------------------------------------------
TOT  54.3  89.1  10/1/19  32.1 10/12/19  253   23  1.11   5  49 10/21/19 WNW 30.00   70

HEAT BASE: 65.0
COOL BASE: 65.0