Peotone Weather

NOAA-Style Climate Reports


Report for 2017 August
                  MONTHLY CLIMATOLOGICAL SUMMARY FOR 8/2017
                                        HEAT  COOL        
     MEAN                               DEG   DEG       WIND SPEED       DOM MEAN  MEAN
DAY  TEMP  HIGH   TIME     LOW   TIME   DAYS  DAYS RAIN AVG  HI  TIME    DIR BAROM HUM
---------------------------------------------------------------------------------------
1    74.0  84.6  12:08pm  65.0   5:58am    0    9  0.03   2  14   3:02pm   S 30.05   78
2    74.0  85.8   3:04pm  62.7   6:21am    0    9  0.00   2  12  11:47am   W 30.00   79
3    70.2  79.4  10:29am  65.8   1:47pm    0    5  1.29   4  39   9:03pm SSE 29.91   92
4    59.7  66.9   4:40pm  54.9   6:09am    5    0  0.01   9  28   8:41am   W 29.91   83
5    66.8  78.8   3:27pm  55.8   2:21am    3    5  0.00   4  17  11:36am WSW 30.03   77
6    66.6  75.4   3:08pm  61.4  12:00am    1    2  0.00   2  16  10:19am SSE 30.01   84
7    67.0  76.0   1:58pm  56.3  11:59pm    1    3  0.02   2  14   6:15pm  NE 30.03   82
8    67.9  81.4   3:29pm  53.2   5:56am    3    6  0.00   3  16   2:28pm   W 30.15   73
9    71.0  83.0   3:05pm  58.5   5:59am    1    7  0.00   2  14   2:49pm SSE 30.15   73
10   71.8  85.0   3:38pm  57.1   5:50am    2    8  0.00   3  17   3:35pm   S 30.03   76
11   70.8  79.6   2:54pm  62.6  11:35pm    0    6  0.00   5  18  12:20pm   W 29.96   80
12   66.5  77.8   3:02pm  57.5   5:55am    2    4  0.00   3  18   9:56am  NW 30.03   78
13   66.7  78.8   4:13pm  55.3   5:59am    3    4  0.00   1  10   3:11pm ESE 30.03   78
14   71.9  83.9   3:11pm  59.8   5:09am    1    8  0.00   2  14  12:37pm SSE 29.86   76
15   74.3  87.1   3:49pm  66.6  11:26pm    0    9  0.00   3  15   2:34pm  NE 29.87   81
16   75.3  89.2   1:54pm  64.4   5:55am    0   10  0.08   3  21   2:19pm SSE 29.91   85
17   75.7  83.1   3:46pm  70.7   6:13am    0    9  0.00   8  26   3:12pm   S 29.76   84
---------------------------------------------------------------------------------------
TOT  70.0  89.2  8/16/17  53.2   8/8/17   23  106  1.43   3  36   8/3/17 WSW 29.98   80

HEAT BASE: 65.0
COOL BASE: 65.0