Peotone Weather

NOAA-Style Climate Reports


Report for 2017 November
                  MONTHLY CLIMATOLOGICAL SUMMARY FOR 11/2017
                                        HEAT  COOL        
     MEAN                               DEG   DEG       WIND SPEED       DOM MEAN  MEAN
DAY  TEMP  HIGH   TIME     LOW   TIME   DAYS  DAYS RAIN AVG  HI  TIME    DIR BAROM HUM
---------------------------------------------------------------------------------------
1    40.1  45.5  11:59pm  35.2  12:00am   25    0  0.56   4  17  11:28am  SE 29.99   84
2    51.0  55.4   2:25pm  45.5  12:00am   14    0  0.09   2  16   5:36pm   S 29.92   97
3    44.8  52.6   2:16pm  39.6   8:06am   20    0  0.00   5  20   9:57am ENE 30.26   86
4    46.1  53.0   8:44pm  40.0   3:27am   19    0  0.18   3  18   4:01am ESE 30.00   94
5    51.7  55.6   9:14am  47.4  11:23pm   13    0  0.14   3  21   9:47am NNW 29.81   95
6    40.6  47.4  12:00am  33.8   7:28am   24    0  0.00   5  18   1:45pm NNW 30.21   84
7    41.0  48.4  12:57pm  32.4  11:50pm   24    0  0.00   4  22  12:57pm  NE 30.31   80
8    36.1  47.1  12:44pm  27.7   6:57am   29    0  0.00   3  15  11:47am NNW 30.31   78
9    35.9  48.3  12:33pm  22.2  11:55pm   29    0  0.00   8  29  10:35am WNW 30.23   70
10   25.5  34.8   2:06pm  18.8   5:08am   39    0  0.00   5  20  11:54am   E 30.56   66
11   31.6  37.7   3:16pm  23.6   5:09am   33    0  0.02   4  18   3:23am  SE 30.39   74
12   37.6  41.0  11:19am  35.8   4:50am   27    0  0.12   2  12  10:57pm WNW 30.34   90
13   36.8  42.7   1:26pm  31.1  11:58pm   28    0  0.00   3  12  10:39am   W 30.47   89
14   40.1  50.3  12:58pm  28.3   6:26am   25    0  0.00   5  24  10:15am  SE 30.25   84
15   44.0  50.6   3:01pm  33.4  10:38pm   21    0  0.48  10  38   7:30pm   W 29.91   88
16   34.9  38.1  12:59pm  30.2   5:19am   30    0  0.00   5  26  12:00am WNW 30.21   81
17   39.9  47.6  11:51pm  32.6   6:59am   25    0  0.58   8  33   9:07pm  SE 29.95   88
18   42.2  47.9  12:37am  35.9   2:15pm   23    0  1.08   9  32   2:00pm  NW 29.56   93
19   32.0  37.3  12:00am  27.6  11:28pm   33    0  0.00   9  28   6:21am WNW 30.05   78
20   40.5  52.3   2:28pm  28.7  12:00am   24    0  0.00  11  36  10:10pm   S 29.93   73
21   36.7  44.0  10:10am  26.1  11:56pm   28    0  0.02   9  31  12:00am WNW 29.92   77
22   23.1  28.8   9:57am  20.6   6:23am   17    0  0.00   4  12   2:11am WNW 30.33   82
---------------------------------------------------------------------------------------
TOT  39.2  55.6  11/5/17  18.8 11/10/17  552    0  3.27   6  38 11/15/17 NNW 30.13   83

HEAT BASE: 65.0
COOL BASE: 65.0