Warning: include_once(/home/content/22/3672722/html/VWStags.php): failed to open stream: Stale file handle in /home/content/22/3672722/html/top.php on line 79

Warning: include_once(): Failed opening 'VWStags.php' for inclusion (include_path='.:/usr/local/php5_4/lib/php') in /home/content/22/3672722/html/top.php on line 79
Peotone Weather - NOAA-Style Climate Reports
Peotone Weather

NOAA-Style Climate Reports


Report for 2016 July
                  MONTHLY CLIMATOLOGICAL SUMMARY FOR 7/2016
                                        HEAT  COOL        
     MEAN                               DEG   DEG       WIND SPEED       DOM MEAN  MEAN
DAY  TEMP  HIGH   TIME     LOW   TIME   DAYS  DAYS RAIN AVG  HI  TIME    DIR BAROM HUM
---------------------------------------------------------------------------------------
1    67.2  77.0   2:11pm  55.2  11:46pm    2    4  0.00   4  22   9:22am  NE 30.02   73
2    63.3  73.8   4:25pm  53.8   3:15am    4    2  0.00   2  14  12:14pm  SE 30.14   69
3    64.3  72.0   1:53pm  55.4   3:18am    2    2  0.00   4  21   6:08pm ESE 30.04   78
4    68.6  75.3   4:31pm  62.3   4:54am    1    4  0.00   2  12   5:53pm ESE 29.87   85
5    75.5  88.8   4:22pm  62.5   3:04am    0   11  0.00   3  16  12:58pm   S 29.86   79
6    75.6  86.7   2:37pm  66.1   4:12am    0   11  2.30   5  28   3:58am   W 29.82   83
7    74.2  82.7   4:09pm  67.1   5:37am    0    9  0.39   3  18   1:34pm   W 29.79   88
8    76.6  87.9   1:20pm  68.5   2:58am    0   12  0.00   5  26   2:31pm WNW 29.81   77
9    70.8  81.6   2:51pm  62.7  11:56pm    0    6  0.00   4  15   8:09am  NW 29.98   75
10   71.4  82.7   2:39pm  58.9   3:46am    1    7  0.00   2  13  10:48am  SE 30.02   75
11   77.7  90.6   3:38pm  65.4   5:12am    0   13  0.00   5  25   3:44pm   S 29.93   79
12   78.9  90.0   3:59pm  69.6   4:48am    0   14  0.00   6  24  12:21pm   S 29.84   80
13   75.2  89.3   3:56pm  66.7   5:25am    0   10  2.16   5  44   6:50pm   S 29.85   85
14   76.4  86.9   2:50pm  66.7   1:22am    0   11  0.01   7  22   2:00pm   W 29.86   77
15   69.4  78.9   4:06pm  60.3  11:51pm    0    5  0.02   5  23   1:25pm WNW 29.97   80
16   68.0  78.6   2:37pm  58.2   5:51am    2    5  0.00   2  13  11:33am NNW 30.10   77
17   71.4  84.8   3:36pm  59.4   5:10am    1    8  0.79   6  26  10:46am   S 30.02   85
18   76.0  86.4   4:40pm  67.2   4:49am    0   11  1.00   3  18   1:17am WNW 30.10   86
19   77.0  86.4   2:13pm  66.4   5:15am    0   12  0.00   1  12   9:30am ESE 30.18   79
20   78.2  88.0  12:09pm  69.0   5:23am    0   13  0.00   2  14  11:48am   S 30.14   82
21   80.6  90.9  12:10pm  71.6   4:55am    0   16  0.76   4  29  10:07pm   S 30.02   86
22   78.2  87.2   4:29pm  70.8   6:03am    0   13  0.07   4  29   3:04am WNW 29.97   85
23   82.1  92.0   3:24pm  71.6  11:56pm    0   17  1.13   3  23  11:12pm SSW 29.94   83
24   79.8  91.8   1:06pm  69.7   5:27am    0   15  0.25   6  24   3:24pm   S 29.88   85
25   77.8  87.2   4:55pm  70.6   6:08am    0   13  0.00   4  23  12:05am WNW 29.95   79
26   77.2  88.0   3:30pm  67.0   5:47am    0   12  0.00   1  12   9:49am   S 30.00   77
27   77.7  89.3   3:30pm  67.5   5:43am    0   13  0.00   2  13  12:22pm   W 29.95   78
28   74.8  87.8   2:47pm  67.9   4:15am    0   10  0.01   2  33   3:57pm   S 29.86   84
29   73.4  87.1   1:56pm  68.3  10:58pm    0    8  0.03   2  17   2:33pm  NE 29.88   87
30   72.1  81.5   2:31pm  66.0  11:59pm    0    7  0.01   2  17   5:18pm  NE 29.93   86
31   72.5  84.0   3:20pm  63.4   5:25am    0    8  0.00   2  14   6:17pm ENE 30.00   82
---------------------------------------------------------------------------------------
TOT  74.2  92.0  7/23/16  53.8   7/2/16   13  298  8.93   3  40  7/13/16   S 29.96   81

HEAT BASE: 65.0
COOL BASE: 65.0