Peotone Weather

NOAA-Style Climate Reports


Report for 2017 October
                  MONTHLY CLIMATOLOGICAL SUMMARY FOR 10/2017
                                        HEAT  COOL        
     MEAN                               DEG   DEG       WIND SPEED       DOM MEAN  MEAN
DAY  TEMP  HIGH   TIME     LOW   TIME   DAYS  DAYS RAIN AVG  HI  TIME    DIR BAROM HUM
---------------------------------------------------------------------------------------
1    56.6  71.5   2:36pm  42.4   6:11am    9    1  0.00   3  20  10:55am ESE 30.21   64
2    66.8  83.6   2:35pm  53.1  12:23am    3    5  0.00   5  26   2:45pm ESE 30.15   63
3    69.5  79.4  12:32pm  60.0  12:45am    1    5  0.00   7  26   3:24pm SSE 30.24   81
4    68.4  72.5   9:58am  62.2   8:22pm    0    4  0.09   4  18  10:37am  SW 30.25   87
5    66.9  78.5   2:41pm  54.3   7:06am    2    4  0.24   1  13   2:32pm  SE 30.13   75
6    67.0  71.4   1:19pm  63.1   3:03am    0    2  0.45   3  17   1:19pm   S 29.93   93
7    67.7  80.3   2:40pm  60.0   6:06pm    1    4  0.50  10  37  11:42am SSE 29.64   82
8    63.2  79.2   2:17pm  51.2   6:36am    5    3  0.01   3  18  12:00am  SE 29.77   75
9    64.8  82.1   2:50pm  50.8   6:18am    5    4  0.00   2  15   3:07pm WSW 29.89   75
10   63.8  71.2  11:33am  59.5   6:43pm    2    1  0.64   5  28   9:38pm  NE 30.04   90
11   58.1  61.6  12:00am  55.9  11:15pm    7    0  0.25   4  24  12:42am  NE 30.01   94
12   57.3  59.5   4:21pm  55.3   7:11am    8    0  0.00   2  13  10:57am ENE 30.14   91
13   62.4  74.2   2:43pm  49.1   6:44am    5    2  0.01   4  21  11:54am SSE 30.11   81
14   64.7  72.9  12:06pm  59.3   7:02am    1    1  2.08   3  32   8:39pm ESE 29.96   90
15   56.2  65.8   3:21am  46.2  11:40pm    9    0  0.33  10  39   7:04am WNW 29.98   85
16   50.5  62.9   2:40pm  41.3   7:08am   14    0  0.00   4  20   1:35pm   W 30.28   74
17   55.2  70.5   2:19pm  40.1   3:41am   11    1  0.00   6  28  12:08pm   S 30.21   66
18   56.0  70.7   2:34pm  41.8   3:20am   10    1  0.00   6  29   3:46pm SSE 30.13   68
19   57.8  72.0   2:26pm  47.4   6:11am    8    1  0.00   2  13   2:29am   S 30.14   62
20   61.4  79.3   2:35pm  48.7   5:43am    7    3  0.00   4  23   4:03pm  SE 30.13   71
21   57.1  57.7   1:00am  56.5   1:59am    1    0  0.00   4  13  12:40am SSE 30.07   79
---------------------------------------------------------------------------------------
TOT  61.7  83.6  10/2/17  40.1 10/17/17  110   44  4.60   4  39 10/15/17 SSE 30.07   78

HEAT BASE: 65.0
COOL BASE: 65.0