Peotone Weather

NOAA-Style Climate Reports


Report for 2018 January
                  MONTHLY CLIMATOLOGICAL SUMMARY FOR 1/2018
                                        HEAT  COOL        
     MEAN                               DEG   DEG       WIND SPEED       DOM MEAN  MEAN
DAY  TEMP  HIGH   TIME     LOW   TIME   DAYS  DAYS RAIN AVG  HI  TIME    DIR BAROM HUM
---------------------------------------------------------------------------------------
1    -5.7   0.6   2:06pm -10.2   7:35am   71    0  0.00   8  21  10:11am   W 30.78   76
2    -3.9   8.1  11:57pm -14.4   7:17am   69    0  0.00   7  20   9:48pm  SW 30.59   79
3    11.9  19.6  10:59am   1.7  11:15pm   53    0  0.02   8  22   1:30pm WNW 30.18   80
4     1.3  12.1  12:51pm  -4.7  11:41pm   63    0  0.00   6  20   2:19pm WNW 30.35   79
5     0.2  10.9  12:36pm  -7.6   4:58am   65    0  0.00   6  18  12:16pm WNW 30.49   78
6     1.7  14.0   1:06pm  -7.0   7:08am   63    0  0.00   4  12  11:52pm WNW 30.63   78
7    23.0  33.3  11:51pm   3.3  12:00am   42    0  0.13   9  26   8:37am SSE 30.20   80
8    32.3  34.4  10:28am  27.0  11:44pm   33    0  0.07   8  22   1:05am WSW 30.07   92
9    29.2  32.3   3:41pm  26.0   1:00am   36    0  0.00   4  17   6:51pm ESE 30.25   94
10   41.6  54.2  11:33pm  31.3  12:00am   23    0  0.02  10  38   9:17pm SSE 29.91   96
11   48.7  59.3   2:07pm  21.7  11:58pm   16    0  0.15  14  32   9:24am SSE 29.77   94
12   22.0  24.5  11:36am  16.9  11:50pm   43    0  0.00  13  37   2:13pm NNW 30.14   84
13   12.7  18.6   1:35pm   6.6  11:55pm   52    0  0.00   7  29  12:44am WNW 30.61   69
14   13.9  23.1   1:12pm   2.8   7:21am   51    0  0.04   6  24   8:27pm SSE 30.57   78
15   15.8  26.9  10:47am   5.6  11:53pm   49    0  0.26   9  25  11:21am   W 30.28   87
16    9.8  20.7   2:21pm   1.1   3:31am   55    0  0.02   9  23  12:31am   W 30.53   85
17   10.4  17.6   3:30pm   1.4   6:56am   54    0  0.00   8  28   9:06pm  SW 30.54   85
18   22.3  31.2   3:02pm  13.5   6:28am   43    0  0.00  10  25  11:50am  SW 30.19   80
19   31.3  37.9   2:21pm  23.2   5:23am   34    0  0.00  10  32   6:30pm   S 29.93   79
20   37.2  45.5   1:47pm  30.2   7:49am   28    0  0.00   5  17  11:47am   S 29.97   86
21   41.1  45.4  11:32pm  36.6   2:19am   24    0  0.00   3  15  10:02pm ESE 29.96   97
22   46.6  52.6   2:34pm  36.9  10:36pm   18    0  0.44   9  36   1:38pm SSE 29.59   95
23   33.0  37.1  12:40am  29.7   8:58pm   28    0  0.05   9  24   2:18pm WNW 29.82   89
---------------------------------------------------------------------------------------
TOT  20.6  59.3  1/11/18 -14.4   1/2/18 1012    0  1.20   8  34  1/10/18 WNW 30.24   84

HEAT BASE: 65.0
COOL BASE: 65.0