Peotone Weather

NOAA-Style Climate Reports


Report for 2018 February
                  MONTHLY CLIMATOLOGICAL SUMMARY FOR 2/2018
                                        HEAT  COOL        
     MEAN                               DEG   DEG       WIND SPEED       DOM MEAN  MEAN
DAY  TEMP  HIGH   TIME     LOW   TIME   DAYS  DAYS RAIN AVG  HI  TIME    DIR BAROM HUM
---------------------------------------------------------------------------------------
1    23.6  35.3  12:00am   9.9  11:42pm   41    0  0.00  11  33   9:12am WNW 30.12   68
2    14.1  22.4  11:49pm   4.6   6:31am   51    0  0.00   7  20   9:15am WNW 30.52   60
3    30.6  41.7   2:57pm  20.4   3:18am   34    0  0.01  11  34   7:00pm   S 30.06   62
4    21.6  34.6   1:26am   2.7  11:21pm   43    0  0.13   8  25  11:13am WNW 30.00   86
5     6.5  13.0   3:26pm  -3.6   6:57am   58    0  0.23   4  14   2:10pm   W 30.31   80
6    12.7  19.9   3:07pm   1.8   7:43am   52    0  0.05   2   8   2:07pm   W 30.43   83
7    16.3  20.5  12:09pm   7.7  11:58pm   49    0  0.10   6  21  12:46pm WNW 30.39   84
8    14.8  21.9  11:56pm   5.5   2:49am   50    0  0.04   5  15  10:02am  SW 30.47   85
9    27.8  33.0  11:25am  21.9  12:00am   37    0  0.48   5  17  12:18pm NNE 30.20   90
10   23.3  28.9  12:56pm  18.8   8:03am   42    0  0.03   5  16   1:13pm NNW 30.19   85
11   20.1  25.7  11:47am   8.9  11:51pm   45    0  0.39   7  21  11:52am WNW 30.10   86
12   14.8  28.8   2:39pm   3.3   6:19am   50    0  0.00   4  13   1:07am  NW 30.71   79
13   21.6  32.0   3:03pm  10.7   4:01am   43    0  0.00   3  16   9:09am ENE 30.56   83
14   33.8  42.1  11:39am  20.9   5:59am   31    0  0.01   4  14   6:32pm SSE 30.09   93
15   39.8  44.5  10:09am  35.7  10:20pm   25    0  0.07   3  12   7:58am  NW 29.78   97
16   30.5  36.1   1:22pm  18.2  11:27pm   35    0  0.00   6  22   1:40pm   W 30.19   84
17   26.3  36.2   1:35pm  12.1   4:10am   37    0  0.18   5  22   6:25pm  SE 30.13   89
18   28.9  37.8   9:07pm  12.3   6:50am   36    0  0.00   6  25   6:28pm  SE 30.19   88
19   47.5  58.8   9:38pm  36.0   1:23am   18    0  1.94   7  32   5:51pm SSE 29.89   96
20   54.8  64.7  12:05pm  35.6  10:54pm   10    0  1.72  12  41   5:59am   S 29.93   95
---------------------------------------------------------------------------------------
TOT  25.4  64.7  2/20/18  -3.6   2/5/18  787    0  5.38   6  40  2/20/18 WNW 30.21   84

HEAT BASE: 65.0
COOL BASE: 65.0