Peotone Weather

NOAA-Style Climate Reports


Report for 2018 November
                  MONTHLY CLIMATOLOGICAL SUMMARY FOR 11/2018
                                        HEAT  COOL        
     MEAN                               DEG   DEG       WIND SPEED       DOM MEAN  MEAN
DAY  TEMP  HIGH   TIME     LOW   TIME   DAYS  DAYS RAIN AVG  HI  TIME    DIR BAROM HUM
---------------------------------------------------------------------------------------
1    47.1  49.7   1:11pm  44.0  11:42pm   18    0  0.01   4  20   6:20pm  NE 29.83   76
2    42.7  52.2   2:38pm  34.9   7:50am   22    0  0.00   3  13  12:00am  NW 29.88   74
3    42.2  50.5   2:51pm  32.3   7:16am   23    0  0.04   2  17  11:44pm ENE 30.13   77
4    48.2  51.4   1:27pm  43.9  12:02am   17    0  0.44   9  33   7:44pm ESE 29.98   84
5    46.8  51.7   1:42pm  41.7   7:01am   18    0  0.23   6  23   1:03am SSE 29.85   83
6    45.2  50.9  12:23am  37.2  11:59pm   20    0  0.01  14  44   8:20am WSW 29.76   79
7    35.3  38.6  12:51pm  31.3   6:12am   29    0  0.00  10  31   8:43am   W 30.18   73
8    35.3  43.0   2:10pm  31.7   6:23am   29    0  0.00   2  15  12:00am  NE 30.37   70
9    29.6  35.7  12:00am  18.7  11:42pm   35    0  0.09   9  33   9:30pm   W 30.18   78
10   24.7  32.4   2:47pm  17.7   6:52am   40    0  0.00   8  33   3:37am   W 30.38   70
11   31.7  41.8  12:57pm  23.7   6:31am   33    0  0.00   5  22   9:06am  SE 30.31   69
12   31.8  39.1  12:24pm  25.5  11:55pm   33    0  0.02   5  20  11:57pm NNW 30.35   75
13   22.3  29.7  12:43pm  17.0   6:51am   43    0  0.00   6  24   7:57am WNW 30.46   67
14   24.8  35.9   1:49pm  14.8   6:49am   40    0  0.00   2  12   1:20pm  NW 30.55   72
15   29.0  32.3  11:39am  25.5  11:59pm   36    0  0.19   4  23  10:04pm ENE 30.10   83
16   33.4  39.4  10:17am  24.4   1:14am   31    0  0.00   7  22   2:42am   W 30.02   81
17   34.4  37.2  11:32am  31.7   4:48am   30    0  0.13   2  15   3:20pm  NE 30.30   86
18   32.3  37.2  12:34pm  24.4  11:53pm   32    0  0.14   2  12  12:50pm  NW 30.27   87
19   27.9  34.8  12:49pm  22.1   2:40am   25    0  0.00   4  16  12:53pm  SW 30.14   83
---------------------------------------------------------------------------------------
TOT  35.1  52.2  11/2/18  14.8 11/14/18  554    0  1.30   6  43  11/6/18   W 30.16   77

HEAT BASE: 65.0
COOL BASE: 65.0