Peotone Weather

NOAA-Style Climate Reports


Report for 2021 January
                  MONTHLY CLIMATOLOGICAL SUMMARY FOR 1/2021
                                        HEAT  COOL        
     MEAN                               DEG   DEG       WIND SPEED       DOM MEAN  MEAN
DAY  TEMP  HIGH   TIME     LOW   TIME   DAYS  DAYS RAIN AVG  HI  TIME    DIR BAROM HUM
---------------------------------------------------------------------------------------
1    28.2  31.8   9:06pm  20.2  12:00am   36    0  0.91   4  28   5:37am ESE 30.02   94
2    31.7  33.2  10:28am  30.6   6:23am   33    0  0.01   1  14   5:07pm ESE 30.06   96
3    30.2  31.8  10:35am  25.3  11:58pm   33    0  0.16   3  13  10:36pm   W 30.02   95
4    27.0  30.4   6:28pm  23.6   5:13am   37    0  0.00   5  18   7:37pm WSW 30.03   95
5    29.4  32.0  11:17am  26.5  12:00am   35    0  0.00   4  17   2:46am   N 30.16   95
6    29.8  33.9   2:15pm  24.6   8:03am   34    0  0.00   2   9   2:43pm   E 30.38   93
7    31.8  36.8  11:22am  25.7   3:56am   33    0  0.00   4  17   1:38pm ESE 30.37   82
8    30.7  34.3   2:08pm  27.7  12:25am   34    0  0.00   6  26   9:59am ENE 30.28   84
9    28.5  34.1   2:30pm  22.4  11:52pm   36    0  0.00   4  14   1:46am   N 30.33   85
10   25.1  28.1   1:18pm  21.2   2:01am   39    0  0.00   4  14   7:13pm WNW 30.38   88
11   24.2  27.8   9:12pm  19.5   4:22am   40    0  0.00   9  26   2:11pm   W 30.31   90
12   28.0  35.3   2:10pm  22.5   4:37am   36    0  0.00   7  22  12:37am   W 30.13   90
13   33.0  38.9   1:49pm  24.9   4:49am   31    0  0.00   5  18   1:33pm WSW 29.87   89
14   33.6  38.2   3:11pm  28.9   6:15am   31    0  0.18   7  23   7:51pm SSW 29.59   93
15   31.8  35.5   2:07pm  27.8  11:39pm   33    0  0.04   4  15  12:16am SSW 29.53   94
16   31.6  35.0   1:28pm  27.5   1:41am   33    0  0.07   6  17   9:56pm   W 29.68   95
17   28.4  31.3  12:00am  26.0   9:50pm   36    0  0.01   7  16  12:45am WNW 29.77   93
---------------------------------------------------------------------------------------
TOT  29.6  38.9  1/13/21  19.5  1/11/21  589    0  1.38   5  28   1/1/21   W 30.05   91

HEAT BASE: 65.0
COOL BASE: 65.0