Peotone Weather

NOAA-Style Climate Reports


Report for 2020 October
                  MONTHLY CLIMATOLOGICAL SUMMARY FOR 10/2020
                                        HEAT  COOL        
     MEAN                               DEG   DEG       WIND SPEED       DOM MEAN  MEAN
DAY  TEMP  HIGH   TIME     LOW   TIME   DAYS  DAYS RAIN AVG  HI  TIME    DIR BAROM HUM
---------------------------------------------------------------------------------------
1    48.7  58.8   1:01pm  41.4   7:22am   16    0  0.05   5  26   1:08pm WNW 30.03   82
2    46.2  56.8   1:33pm  38.2  11:56pm   18    0  0.00   3  16  10:23am NNW 30.19   76
3    47.5  58.4  12:31pm  37.3  12:45am   17    0  0.12   2  16   3:14pm   S 30.19   81
4    45.5  54.3   2:02pm  36.7  10:37pm   19    0  0.22   4  21   9:22am   N 30.22   84
5    47.0  62.6   2:40pm  30.1   7:06am   18    0  0.00   4  25   3:54pm  SW 30.20   67
6    58.5  73.1   3:50pm  42.6   4:17am    8    2  0.00   7  24   3:49pm   W 29.93   64
7    63.1  77.6   2:05pm  49.4  11:50pm    5    3  0.00   6  24   2:35pm   W 29.91   63
8    55.7  72.8   2:35pm  43.4   7:05am   10    1  0.00   3  21   3:35pm ESE 30.14   72
9    63.8  81.1   3:04pm  44.6   6:28am    6    6  0.00   7  33  12:15pm WSW 29.97   68
10   64.6  78.5   1:38pm  56.7  11:05pm    3    3  0.00   7  25   4:57pm   W 29.89   80
11   63.9  77.8   3:00pm  55.1   6:45am    3    3  0.00   4  18  12:31am ESE 29.92   80
12   56.4  67.3  11:28am  43.3  11:56pm    8    0  0.17   7  28   1:25pm   S 29.80   90
13   54.0  71.6   4:44pm  35.9   6:58am   12    1  0.00   6  44   3:37pm   W 30.05   64
14   59.1  76.9   2:53pm  38.5   3:38am    9    4  0.01   8  41   2:59pm SSW 29.82   57
15   50.5  62.0  12:00am  36.9  11:47pm   14    0  0.00   8  32   3:33am WNW 29.93   55
16   42.5  54.5   2:22pm  29.8   5:42am   22    0  0.00   6  33   5:36pm   W 30.19   58
17   49.6  64.9   2:08pm  30.7   3:30am   15    0  0.00   9  46   3:07pm SSW 30.12   52
18   47.1  56.6   3:33am  37.2   8:42pm   17    0  0.19   6  30   4:10am   N 30.11   76
19   42.6  53.0   1:03pm  38.0  12:00am   22    0  0.02   4  24   3:58pm  NE 30.24   88
20   47.4  54.8   3:11pm  41.5  12:32am   17    0  0.19   5  20  11:53am  NE 30.17   86
21   49.2  55.0   2:32pm  44.8   7:54am   15    0  0.77   6  23  12:19am WNW 30.16   89
22   59.9  78.8   2:27pm  48.1   2:35am    7    3  0.05   7  28   2:17pm ESE 30.04   89
---------------------------------------------------------------------------------------
TOT  52.8  81.1  10/9/20  29.8 10/16/20  281   26  1.79   6  46 10/17/20   W 30.05   74

HEAT BASE: 65.0
COOL BASE: 65.0